{"version":"1.0","provider_name":"Blog Imentia","provider_url":"https:\/\/www.imentia.com\/blog","title":"La vitamina que apenas tomamos en Espa\u00f1a y que evita el Alzheimer","type":"rich","width":600,"height":338,"html":"<blockquote class=\"wp-embedded-content\" data-secret=\"9jnt9eXt8A\"><a href=\"https:\/\/www.imentia.com\/blog\/vitamina-que-evita-el-alzheimer\/\">La vitamina que apenas tomamos en Espa\u00f1a y que evita el Alzheimer<\/a><\/blockquote><iframe sandbox=\"allow-scripts\" security=\"restricted\" src=\"https:\/\/www.imentia.com\/blog\/vitamina-que-evita-el-alzheimer\/embed\/#?secret=9jnt9eXt8A\" width=\"600\" height=\"338\" title=\"\u00abLa vitamina que apenas tomamos en Espa\u00f1a y que evita el Alzheimer\u00bb \u2014 Blog Imentia\" data-secret=\"9jnt9eXt8A\" frameborder=\"0\" marginwidth=\"0\" marginheight=\"0\" scrolling=\"no\" class=\"wp-embedded-content\"><\/iframe><script type=\"text\/javascript\">\n\/*! This file is auto-generated *\/\n!function(c,d){\"use strict\";var e=!1,o=!1;if(d.querySelector)if(c.addEventListener)e=!0;if(c.wp=c.wp||{},c.wp.receiveEmbedMessage);else if(c.wp.receiveEmbedMessage=function(e){var t=e.data;if(!t);else if(!(t.secret||t.message||t.value));else if(\/[^a-zA-Z0-9]\/.test(t.secret));else{for(var r,s,a,i=d.querySelectorAll('iframe[data-secret=\"'+t.secret+'\"]'),n=d.querySelectorAll('blockquote[data-secret=\"'+t.secret+'\"]'),o=new RegExp(\"^https?:$\",\"i\"),l=0;l<n.length;l++)n[l].style.display=\"none\";for(l=0;l<i.length;l++)if(r=i[l],e.source!==r.contentWindow);else{if(r.removeAttribute(\"style\"),\"height\"===t.message){if(1e3<(s=parseInt(t.value,10)))s=1e3;else if(~~s<200)s=200;r.height=s}if(\"link\"===t.message)if(s=d.createElement(\"a\"),a=d.createElement(\"a\"),s.href=r.getAttribute(\"src\"),a.href=t.value,!o.test(a.protocol));else if(a.host===s.host)if(d.activeElement===r)c.top.location.href=t.value}}},e)c.addEventListener(\"message\",c.wp.receiveEmbedMessage,!1),d.addEventListener(\"DOMContentLoaded\",t,!1),c.addEventListener(\"load\",t,!1);function t(){if(o);else{o=!0;for(var e,t,r,s=-1!==navigator.appVersion.indexOf(\"MSIE 10\"),a=!!navigator.userAgent.match(\/Trident.*rv:11\\.\/),i=d.querySelectorAll(\"iframe.wp-embedded-content\"),n=0;n<i.length;n++){if(!(r=(t=i[n]).getAttribute(\"data-secret\")))r=Math.random().toString(36).substr(2,10),t.src+=\"#?secret=\"+r,t.setAttribute(\"data-secret\",r);if(s||a)(e=t.cloneNode(!0)).removeAttribute(\"security\"),t.parentNode.replaceChild(e,t);t.contentWindow.postMessage({message:\"ready\",secret:r},\"*\")}}}}(window,document);\n<\/script>\n","thumbnail_url":"https:\/\/www.imentia.com\/blog\/wp-content\/uploads\/2023\/04\/pexels-mikhail-nilov-8307321-scaled.jpg","thumbnail_width":2560,"thumbnail_height":1707,"description":"Seg\u00fan el estudio publicado en la revista cient\u00edfica Neurology, la vitamina K2, tambi\u00e9n conocida como menaquinona, podr\u00eda tener efectos protectores contra la enfermedad de Alzheimer. La vitamina K2 es esencial para la salud \u00f3sea, ya que ayuda a activar las prote\u00ednas que fijan el calcio en los huesos, pero tambi\u00e9n se ha demostrado que tiene efectos beneficiosos sobre el sistema nervioso y el cerebro."}

La vitamina que apenas tomamos en España y que evita el Alzheimer

<blockquote class="wp-embedded-content" data-secret="9jnt9eXt8A"><a href="https://www.imentia.com/blog/vitamina-que-evita-el-alzheimer/">La vitamina que apenas tomamos en España y que evita el Alzheimer</a></blockquote><iframe sandbox="allow-scripts" security="restricted" src="https://www.imentia.com/blog/vitamina-que-evita-el-alzheimer/embed/#?secret=9jnt9eXt8A" width="600" height="338" title="«La vitamina que apenas tomamos en España y que evita el Alzheimer» — Blog Imentia" data-secret="9jnt9eXt8A" frameborder="0" marginwidth="0" marginheight="0" scrolling="no" class="wp-embedded-content"></iframe><script type="text/javascript">
/*! This file is auto-generated */
!function(c,d){"use strict";var e=!1,o=!1;if(d.querySelector)if(c.addEventListener)e=!0;if(c.wp=c.wp||{},c.wp.receiveEmbedMessage);else if(c.wp.receiveEmbedMessage=function(e){var t=e.data;if(!t);else if(!(t.secret||t.message||t.value));else if(/[^a-zA-Z0-9]/.test(t.secret));else{for(var r,s,a,i=d.querySelectorAll('iframe[data-secret="'+t.secret+'"]'),n=d.querySelectorAll('blockquote[data-secret="'+t.secret+'"]'),o=new RegExp("^https?:$","i"),l=0;l<n.length;l++)n[l].style.display="none";for(l=0;l<i.length;l++)if(r=i[l],e.source!==r.contentWindow);else{if(r.removeAttribute("style"),"height"===t.message){if(1e3<(s=parseInt(t.value,10)))s=1e3;else if(~~s<200)s=200;r.height=s}if("link"===t.message)if(s=d.createElement("a"),a=d.createElement("a"),s.href=r.getAttribute("src"),a.href=t.value,!o.test(a.protocol));else if(a.host===s.host)if(d.activeElement===r)c.top.location.href=t.value}}},e)c.addEventListener("message",c.wp.receiveEmbedMessage,!1),d.addEventListener("DOMContentLoaded",t,!1),c.addEventListener("load",t,!1);function t(){if(o);else{o=!0;for(var e,t,r,s=-1!==navigator.appVersion.indexOf("MSIE 10"),a=!!navigator.userAgent.match(/Trident.*rv:11\./),i=d.querySelectorAll("iframe.wp-embedded-content"),n=0;n<i.length;n++){if(!(r=(t=i[n]).getAttribute("data-secret")))r=Math.random().toString(36).substr(2,10),t.src+="#?secret="+r,t.setAttribute("data-secret",r);if(s||a)(e=t.cloneNode(!0)).removeAttribute("security"),t.parentNode.replaceChild(e,t);t.contentWindow.postMessage({message:"ready",secret:r},"*")}}}}(window,document);
</script>

Según el estudio publicado en la revista científica Neurology, la vitamina K2, también conocida como menaquinona, podría tener efectos protectores contra la enfermedad de Alzheimer. La vitamina K2 es esencial para la salud ósea, ya que ayuda a activar las proteínas que fijan el calcio en los huesos, pero también se ha demostrado que tiene efectos beneficiosos sobre el sistema nervioso y el cerebro.
