{"version":"1.0","provider_name":"Blog Imentia","provider_url":"https:\/\/www.imentia.com\/blog","title":"La atomoxetina podr\u00eda detener el alzh\u00e9imer - Blog Imentia","type":"rich","width":600,"height":338,"html":"<blockquote class=\"wp-embedded-content\" data-secret=\"sUTQmweGKv\"><a href=\"https:\/\/www.imentia.com\/blog\/la-atomoxetina-podria-detener-el-alzheimer\/\">La atomoxetina podr\u00eda detener el alzh\u00e9imer<\/a><\/blockquote><iframe sandbox=\"allow-scripts\" security=\"restricted\" src=\"https:\/\/www.imentia.com\/blog\/la-atomoxetina-podria-detener-el-alzheimer\/embed\/#?secret=sUTQmweGKv\" width=\"600\" height=\"338\" title=\"\u00abLa atomoxetina podr\u00eda detener el alzh\u00e9imer\u00bb \u2014 Blog Imentia\" data-secret=\"sUTQmweGKv\" frameborder=\"0\" marginwidth=\"0\" marginheight=\"0\" scrolling=\"no\" class=\"wp-embedded-content\"><\/iframe><script type=\"text\/javascript\">\n\/*! This file is auto-generated *\/\n!function(c,d){\"use strict\";var e=!1,o=!1;if(d.querySelector)if(c.addEventListener)e=!0;if(c.wp=c.wp||{},c.wp.receiveEmbedMessage);else if(c.wp.receiveEmbedMessage=function(e){var t=e.data;if(!t);else if(!(t.secret||t.message||t.value));else if(\/[^a-zA-Z0-9]\/.test(t.secret));else{for(var r,s,a,i=d.querySelectorAll('iframe[data-secret=\"'+t.secret+'\"]'),n=d.querySelectorAll('blockquote[data-secret=\"'+t.secret+'\"]'),o=new RegExp(\"^https?:$\",\"i\"),l=0;l<n.length;l++)n[l].style.display=\"none\";for(l=0;l<i.length;l++)if(r=i[l],e.source!==r.contentWindow);else{if(r.removeAttribute(\"style\"),\"height\"===t.message){if(1e3<(s=parseInt(t.value,10)))s=1e3;else if(~~s<200)s=200;r.height=s}if(\"link\"===t.message)if(s=d.createElement(\"a\"),a=d.createElement(\"a\"),s.href=r.getAttribute(\"src\"),a.href=t.value,!o.test(a.protocol));else if(a.host===s.host)if(d.activeElement===r)c.top.location.href=t.value}}},e)c.addEventListener(\"message\",c.wp.receiveEmbedMessage,!1),d.addEventListener(\"DOMContentLoaded\",t,!1),c.addEventListener(\"load\",t,!1);function t(){if(o);else{o=!0;for(var e,t,r,s=-1!==navigator.appVersion.indexOf(\"MSIE 10\"),a=!!navigator.userAgent.match(\/Trident.*rv:11\\.\/),i=d.querySelectorAll(\"iframe.wp-embedded-content\"),n=0;n<i.length;n++){if(!(r=(t=i[n]).getAttribute(\"data-secret\")))r=Math.random().toString(36).substr(2,10),t.src+=\"#?secret=\"+r,t.setAttribute(\"data-secret\",r);if(s||a)(e=t.cloneNode(!0)).removeAttribute(\"security\"),t.parentNode.replaceChild(e,t);t.contentWindow.postMessage({message:\"ready\",secret:r},\"*\")}}}}(window,document);\n<\/script>\n","thumbnail_url":"https:\/\/www.imentia.com\/blog\/wp-content\/uploads\/2018\/05\/capacidades-cognitivas-memoria-alzheimer.png","thumbnail_width":1010,"thumbnail_height":817,"description":"Seg\u00fan un estudio realizado en\u00a0Emory Brain Health Center\u00a0en Atlanta el tratamiento con atomoxetina pude detener la neurodegeneraci\u00f3n en personas con Alzheimer El estudio se ha realizado en 39 personas con deterioro cognitivo leve (DCL). Despu\u00e9s de seis meses de tratamiento con atomoxetina se redujeron los niveles de Tau en el l\u00edquido cefalorraqu\u00eddeo (LCR) de los [&hellip;]"}

La atomoxetina podría detener el alzhéimer - Blog Imentia

<blockquote class="wp-embedded-content" data-secret="sUTQmweGKv"><a href="https://www.imentia.com/blog/la-atomoxetina-podria-detener-el-alzheimer/">La atomoxetina podría detener el alzhéimer</a></blockquote><iframe sandbox="allow-scripts" security="restricted" src="https://www.imentia.com/blog/la-atomoxetina-podria-detener-el-alzheimer/embed/#?secret=sUTQmweGKv" width="600" height="338" title="«La atomoxetina podría detener el alzhéimer» — Blog Imentia" data-secret="sUTQmweGKv" frameborder="0" marginwidth="0" marginheight="0" scrolling="no" class="wp-embedded-content"></iframe><script type="text/javascript">
/*! This file is auto-generated */
!function(c,d){"use strict";var e=!1,o=!1;if(d.querySelector)if(c.addEventListener)e=!0;if(c.wp=c.wp||{},c.wp.receiveEmbedMessage);else if(c.wp.receiveEmbedMessage=function(e){var t=e.data;if(!t);else if(!(t.secret||t.message||t.value));else if(/[^a-zA-Z0-9]/.test(t.secret));else{for(var r,s,a,i=d.querySelectorAll('iframe[data-secret="'+t.secret+'"]'),n=d.querySelectorAll('blockquote[data-secret="'+t.secret+'"]'),o=new RegExp("^https?:$","i"),l=0;l<n.length;l++)n[l].style.display="none";for(l=0;l<i.length;l++)if(r=i[l],e.source!==r.contentWindow);else{if(r.removeAttribute("style"),"height"===t.message){if(1e3<(s=parseInt(t.value,10)))s=1e3;else if(~~s<200)s=200;r.height=s}if("link"===t.message)if(s=d.createElement("a"),a=d.createElement("a"),s.href=r.getAttribute("src"),a.href=t.value,!o.test(a.protocol));else if(a.host===s.host)if(d.activeElement===r)c.top.location.href=t.value}}},e)c.addEventListener("message",c.wp.receiveEmbedMessage,!1),d.addEventListener("DOMContentLoaded",t,!1),c.addEventListener("load",t,!1);function t(){if(o);else{o=!0;for(var e,t,r,s=-1!==navigator.appVersion.indexOf("MSIE 10"),a=!!navigator.userAgent.match(/Trident.*rv:11\./),i=d.querySelectorAll("iframe.wp-embedded-content"),n=0;n<i.length;n++){if(!(r=(t=i[n]).getAttribute("data-secret")))r=Math.random().toString(36).substr(2,10),t.src+="#?secret="+r,t.setAttribute("data-secret",r);if(s||a)(e=t.cloneNode(!0)).removeAttribute("security"),t.parentNode.replaceChild(e,t);t.contentWindow.postMessage({message:"ready",secret:r},"*")}}}}(window,document);
</script>

Según un estudio realizado en Emory Brain Health Center en Atlanta el tratamiento con atomoxetina pude detener la neurodegeneración en personas con Alzheimer El estudio se ha realizado en 39 personas con deterioro cognitivo leve (DCL). Después de seis meses de tratamiento con atomoxetina se redujeron los niveles de Tau en el líquido cefalorraquídeo (LCR) de los [&hellip;]
